alculate y(-15).
-814
Let r(c) = c**2 - 1858*c + 47689. Calculate r(26).
57
Let u(b) = 840*b + 357840. Determine u(-426).
0
Let q(x) = -3549*x + 49517. Calculate q(14).
-169
Let a(l) = -19*l**3 + 300*l**2 + 64*l + 2. Calculate a(16).
2
Let r(x) = -x**3 + 191*x**2 + 774*x + 1153. Calculate r(195).
-17
Let c(f) = -54*f - 9770. What is c(-223)?
2272
Let b(g) = 1393*g - 47298. What is b(34)?
64
Let o(c) = -40*c**2 - 798*c + 25. Determine o(-19).
747
Let q(a) = -7235*a + 79994. What is q(11)?
409
Let o(t) = -1918*t - 4371130. Determine o(-2279).
-8
Let a(l) = 7*l**2 - 7967*l - 23914. Calculate a(-3).
50
Let m(p) = 74*p**2 + 3099*p + 40. Give m(-42).
418
Let o(u) = 561*u - 15334. Calculate o(24).
-1870
Let v(j) = -j**3 - 48*j**2 - 216*j - 3652. Give v(-45).
-7
Let h(c) = -246*c**2 + 3171*c + 134. Determine h(13).
-217
Let a(d) = 2*d**3 - 570*d**2 - 2913*d - 49. What is a(-5)?
16
Let w(s) = 3*s**2 + 40*s + 300. Calculate w(-4).
188
Let i(o) = -8*o**2 + 1628*o - 20531. Give i(190).
-11
Let i(d) = -48*d**3 + 7921*d**2 - 165*d - 23. What is i(165)?
-23
Let k(t) = 2841*t - 71017. Determine k(25).
8
Let h(g) = -4*g**3 + 33*g**2 + 6324*g - 1398. What is h(44)?
10
Let x(l) = -91*l**2 - 6824*l + 96. Give x(-75).
21
Let k(m) = 3700*m - 14627. Give k(4).
173
Let u(c) = -2*c**3 + 49*c**2 + 163*c - 4525. Give u(24).
-37
Let a(n) = -65120*n - 1367531. What is a(-21)?
-11
Let q(n) = n**3 + n**2 - 1490*n + 8721. Give q(6).
33
Let f(l) = 2*l**3 - 259*l**2 + 137*l - 2470. What is f(129)?
-1438
Let x(a) = 57*a + 5501. Calculate x(-166).
-3961
Let k(y) = 7*y**2 - 2281*y - 36066. Calculate k(341).
80
Let j(o) = -3686767*o + 47927977. Calculate j(13).
6
Let h(i) = 50*i**2 - 7349*i - 169. Determine h(147).
-22
Let y(c) = -124*c + 9519. Determine y(77).
-29
Let j(m) = -12*m**2 - 673*m + 622. Calculate j(-57).
-5
Let d(b) = -b**3 + 69*b**2 - 1179*b - 330. Determine d(36).
-6
Let d(j) = 21*j - 1164. What is d(14)?
-870
Let c(f) = -f**3 + 10*f**2 + 26*f - 10. Determine c(10).
250
Let q(r) = r**3 + 36*r**2 - 2163*r - 367. Give q(-68).
-1251
Let a(w) = 207*w**2 - 25330*w + 9248. Determine a(122).
-24
Let t(b) = -60*b**2 + 517*b + 228. Determine t(9).
21
Let l(q) = -376*q - 7454. Calculate l(-14).
-2190
Let g(c) = -3*c**3 + 40*c**2 - 39*c + 326. Calculate g(13).
-12
Let n(s) = -9703*s + 9690. Calculate n(1).
-13
Let u(x) = -x**3 - 155*x**2 - 692*x - 13295. Calculate u(-151).
-7
Let i(s) = -s**3 - 11*s**2 - 110*s - 789. Determine i(-7).
-215
Let a(h) = -2*h**3 + 447*h**2 + 212*h + 2651. Determine a(224).
-37
Let r(k) = -k**2 + 15998*k - 1510777. Give r(95).
8
Let d(a) = -102269*a + 7567923. What is d(74)?
17
Let u(c) = -c**2 - 844*c - 125189. Give u(-652).
-5
Let k(a) = -a**3 + 84*a**2 + 33*a + 12463. Determine k(86).
509
Let m(l) = -l**2 + 212*l + 1486. What is m(219)?
-47
Let h(a) = 4961*a**2 + 29741*a - 8. Determine h(-6).
142
Let p(h) = -32*h**2 - 8855*h + 2497. Give p(-277).
4
Let w(r) = -182*r**2 + 3804*r + 381. Give w(21).
3
Let q(b) = 8*b**3 + 15*b**2 - 70*b + 175. Calculate q(6).
2023
Let w(g) = -g**2 - 65*g + 8834. What is w(-132)?
-10
Let u(i) = i**3 + 730*i**2 - 17304*i - 363. Determine u(23).
-18
Let t(q) = 2837*q - 36000. Determine t(12).
-1956
Let l(y) = y**2 + 642*y - 119891. What is l(151)?
-148
Let i(n) = 4*n**3 - 39*n**2 + 36*n - 282. Determine i(9).
-201
Let h(a) = -a**2 - 8*a - 391. Give h(0).
-391
Let p(n) = -44*n - 9111. What is p(-205)?
-91
Let b(k) = -3*k**2 - 37405*k - 1044991. Give b(-28).
-3
Let w(z) = -1190*z + 29720. What is w(25)?
-30
Let a(s) = -6639*s - 73170. Give a(-11).
-141
Let r(z) = -z**3 + 29*z**2 + 276*z - 1028. Give r(36).
-164
Let u(b) = -57*b**3 + 133*b - 133. Calculate u(1).
-57
Let i(d) = 3765*d - 1058122. Determine i(281).
-157
Let p(o) = o**3 - 238*o**2 - 4020*o + 783. Give p(-16).
79
Let t(p) = -91*p**3 + 186*p**2 + 34*p - 74. Give t(2).
10
Let x(i) = -1566*i**2 + 15935*i + 40. Calculate x(10).
2790
Let f(m) = -1452*m - 5343. Determine f(-4).
465
Let a(i) = 80*i + 2954. Give a(-54).
-1366
Let x(v) = -v**2 - 599*v - 4184. Give x(-7).
-40
Let i(k) = -6*k**3 + 28*k**2 + 186*k - 838. Determine i(4).
-30
Let n(i) = 21*i**3 - 9982*i**2 + 3324*i + 469. Determine n(475).
-6
Let b(d) = 17*d**3 - 209*d**2 + 22*d + 26. What is b(12)?
-430
Let z(o) = -83950*o + 1091343. Calculate z(13).
-7
Let z(d) = -2*d**2 - 42553*d + 1278334. Calculate z(30).
-56
Let t(s) = -61*s - 3141. Give t(-74).
1373
Let a(j) = -2*j**2 - 115*j - 803. Calculate a(-8).
-11
Let y(z) = 21548*z - 4051017. What is y(188)?
7
Let c(o) = o**2 + 5962*o - 1296071. Determine c(210).
49
Let w(g) = -42712*g - 1494912. Determine w(-35).
8
Let y(d) = d**2 - 12397*d + 789290. Give y(64).
-22
Let j(d) = -d**3 - 10*d**2 + 80*d + 498. What is j(-14)?
162
Let p(x) = 2*x**3 - 25*x**2 + 16*x - 147. Calculate p(10).
-487
Let k(n) = -2*n**2 + 652*n + 67710. Give k(-83).
-184
Let y(s) = s**2 - 1158*s + 115996. Give y(111).
-221
Let c(n) = -3*n**2 + 5089*n + 176788. Give c(-34).
294
Let a(y) = -y**3 + 24*y**2 - 2*y + 571. What is a(21)?
1852
Let n(q) = 24*q**3 - 7*q**2 - 38*q + 114. Calculate n(3).
585
Let z(l) = -330926*l + 7942217. What is z(24)?
-7
Let j(c) = -58494*c - 233986. What is j(-4)?
-10
Let c(r) = -3*r**3 + 653*r**2 - 2381*r + 5744. Give c(214).
-34
Let j(a) = a**2 - 9*a - 1650. What is j(-31)?
-410
Let i(r) = -3*r**2 + 231*r + 625. Calculate i(60).
3685
Let k(i) = i**2 - 137*i - 5563. Determine k(162).
-1513
Let k(n) = 572*n - 3984. Give k(7).
20
Let b(m) = 619*m**3 - 224075*m**2 - 1082*m - 1461. Give b(362).
-13
Let r(l) = 51*l**2 + 14183*l + 1574. Give r(-278).
184
Let w(j) = 2*j**3 - 599*j**2 + 1482*j + 896. What is w(297)?
5
Let n(b) = -2*b**2 - 4399*b - 734364. What is n(-182)?
6
Let a(y) = -y**2 + 369*y + 168916. Give a(-266).
6
Let j(b) = -9*b**2 - 1771*b - 21508. What is j(-13)?
-6
Let i(m) = -4*m**2 - 343*m - 3708. Calculate i(-73).
15
Let m(b) = -2*b**2 - 140*b + 6345. Determine m(-101).
83
Let z(d) = -634*d - 34902. Determine z(-55).
-32
Let q(y) = -1633535*y - 24503027. Determine q(-15).
-2
Let g(l) = -87*l**2 - 531*l - 75. Give g(-6).
-21
Let h(v) = -v**2 + 1144*v + 5752. Give h(-5).
7
Let z(r) = 8843*r - 79730. Calculate z(9).
-143
Let l(s) = -2*s**3 - 303*s**2 - 162*s - 1635. What is l(-151)?
26
Let i(b) = -185446*b - 370901. What is i(-2)?
-9
Let o(v) = -v**2 + 15983*v - 2045175. Determine o(129).
-9
Let g(s) = -s**3 + 12*s**2 + 3692*s - 67. Determine g(-55).
-452
Let u(o) = o**2 - 1222*o + 14523. What is u(12)?
3
Let f(v) = -23*v**3 + 14971*v**2 + 1314*v - 7817. Determine f(651).
-5
Let r(h) = 2296*h + 20647. Give r(-9).
-17
Let w(y) = -4*y**3 + 24*y**2 + 69*y - 90. What is w(7)?
197
Let h(n) = n**2 + 25221*n + 176485. What is h(-7)?
-13
Let n(r) = r**2 + 1283*r - 61148. Determine n(46).
-14
Let i(s) = 8296*s + 1645. Calculate i(0).
1645
Let c(g) = -g**3 + 32*g**2 - 247*g - 78. Calculate c(18).
12
Let g(w) = -5*w**3 + 444*w**2 - 308*w - 3878. Calculate g(88).
-6
Let j(k) = -k**2 + 2275*k - 1283199. Determine j(1034).
-5
Let j(w) = -367*w - 12928. Calculate j(-33).
-817
Let p(h) = -13*h**2 - 38*h + 84. Calculate p(7).
-819
Let h(y) = 92916*y - 4181234. Give h(45).
-14
Let y(z) = -4*z**3 - 1348*z**2 + 284*z + 95725. Give y(-337).
17
Let t(b) = 134*b**2 - 1551*b + 846. Determine t(11).
-1
Let s(i) = -1347*i + 37765. Calculate s(28).
49
Let o(g) = 16*g**3 - 574*g**2 - 65*g - 257. What is o(36)?
-5
Let i(w) = 85*w**2 + 1641*w - 8100. Give i(5).
2230
Let h(g) = -2*g**3 - 102*g**2 - 105*g - 3. Calculate h(-50).
247
Let d(k) = k**2 + 404*k - 49624. Determine d(99).
173
Let a(s) = -s**3 + 199*s**2 - 2593*s + 21. Calculate a(14).
-21
Let t(x) = -56*x**3 - 21*x**2 + 21*x + 19. Give t(-2).
341
Let c(x) = 2*x**2 + 955*x + 11140. Give c(-12).
-32
Let u(z) = -492*z**3 + 2*z**2 - 115*z + 112. What is u(1)?
-493
Let k(o) = o**3 + 114*o**2 - 232*o - 849. Give k(-116).
-849
Let b(m) = -m**3 - 158*m**2 - 3204*m + 1620. Give b(-134).
12
Let n(r) = 11*r**2 + 130*r + 103. Give n(-4).
-241
Let z(w) = -2254*w + 247946. Determine z(110).
6
Let k(u) = -u**3 - 671*u**2 - 2081*u - 51527. Calculate k(-668).
-91
Let o(n) = 25585*n + 793134. Determine o(-31).
-1
Let o(n) = n**3 + 6*n**2 - 157*n + 976. Calculate o(9).
778
Let d(z) = -68*z**2 + 1165*z + 1172. Give d(-1).
-61
Let p(y) = 2157*y 